rd derivative of t(o). Is b(-3) composite?
False
Suppose 6*r - 374 = 1756. Is r a prime number?
False
Suppose 2*r - 5*h - 275 = -2*r, -5*h = 2*r - 115. Is r composite?
True
Let s = 3 + 1. Suppose 0 = -s*b + 7 + 1. Let t = 55 - b. Is t a composite number?
False
Is ((-58)/(-4))/(1/14) prime?
False
Suppose 2*f = -5*u + 739, -f + 590 = 4*u + f. Is u a composite number?
False
Let z(c) be the second derivative of 15*c**3 - c**2/2 - c. Let g(v) = -v**2 - 11*v - 9. Let j be g(-10). Is z(j) prime?
True
Let m(u) = 12*u - 22. Is m(13) a composite number?
True
Let b = 239 - -680. Is b a prime number?
True
Let j(z) = -146*z - 13. Is j(-4) prime?
True
Let t(y) = -7*y**3 - 2*y**2 + 8*y + 5. Let u(i) = 10*i**3 + 3*i**2 - 12*i - 8. Let q(w) = -7*t(w) - 5*u(w). Is q(-4) composite?
False
Let p(l) = -l**3 - 7*l**2 + 4*l + 9. Let n(d) = d**2 - d - 1. Let x(f) = 4*n(f) + p(f). Is x(-5) composite?
True
Let l = 13 + -3. Let x be (-2)/9 + l/45. Let k = 23 - x. Is k a prime number?
True
Let h = 10 + 12. Let l = h - 16. Let w = l + 5. Is w composite?
False
Let h = 5 - 3. Let x = 0 - h. Is 5/((-15)/(-351)) - x prime?
False
Let p = 145 + -227. Let k = p + 164. Is k a composite number?
True
Let s = 21507 + -14506. Is s prime?
True
Let l = 0 + -1. Let w(p) = 28*p + 2. Let f be w(-2). Let v = l - f. Is v prime?
True
Suppose 0 = 2*v - 0*v + 5*i - 733, -3*v + 1122 = 3*i. Suppose 0 = -3*m + 2*b + v, 3*m - 427 + 44 = -2*b. Is m a prime number?
True
Let l be (6/4)/(6/12). Suppose 4*k = -l*p + 868, 3*k - 868 = -k + 2*p. Is k composite?
True
Suppose s + 192 = -2*q - 366, 2252 = -4*s - 4*q. Let v = s - -1215. Is v a composite number?
False
Let n be 2*1 - (-11 + 11). Let p(k) = 28*k**2 - 1. Is p(n) a composite number?
True
Let i(k) be the second derivative of k**5/20 - k**4/3 + k**3/3 - 3*k**2 + k. Let c be i(4). Is (-159)/(-2) - c/4 a prime number?
True
Suppose 2*n = 3*n - 4. Suppose 173 = n*p - 191. Is p a prime number?
False
Suppose 0 = 3*b - 49 + 13. Suppose b*t - 445 = 7*t. Is t composite?
False
Suppose -8*g + 11*g = 45. Is g a prime number?
False
Let r(l) = l**3 + 7*l**2 + l - 11. Let t be r(-9). Let o = t + 259. Is o composite?
True
Let l(m) = -1 + 4*m - 8 + 3. Suppose -h - t + 5 = 0, 4*h + 2*t = t + 17. Is l(h) composite?
True
Suppose l + 445 = 4*o, o - l - 111 = 1. Is o composite?
True
Suppose -4*f - 28 = -4*d, 27 = -5*f + 4*d - d. Let a = f - -50. Is a a prime number?
True
Suppose -i = -0*i + 2. Is i + (-4)/(-2) + 235 a prime number?
False
Suppose 0 = 4*f + 10 + 6. Is -62*((-6)/f - 2) composite?
False
Suppose 2*r + 2*r = 3*u + 2178, 5*r - 4*u = 2723. Is r prime?
False
Let j(c) = c - 3. Let a be j(3). Let s = 3 - a. Is s prime?
True
Suppose 5*d + 0*g = -g + 243, 5*d - 237 = -4*g. Suppose b - 100 = d. Is b a composite number?
False
Suppose -p = -2*r + 7*r - 444, 2*r - 1319 = -3*p. Is p a composite number?
False
Let i(u) = u**2 + 2*u + 2. Let b be i(-2). Suppose 3*f - 24 = b*x, 4*x + 44 = -0*f + 4*f. Let k = 0 - x. Is k prime?
False
Let d(f) = f**2 - 2*f - 4. Let g be d(-4). Suppose 7*k - 2*k - g = 0. Suppose 0 = 5*s - 5*n - 400, k*n - 127 = -3*s + 92. Is s prime?
False
Let z = 3 + -4. Let f = z - -4. Is f prime?
True
Suppose 0*d = -2*d - 2*y + 12, 0 = 5*d + 3*y - 26. Suppose d*g - 10 = -g. Suppose 0 = -g*b - b + 42. Is b composite?
True
Let q(d) = -d + 449. Is q(0) a prime number?
True
Suppose -2*g + 536 = 3*n, 3*g - 540 = g - 5*n. Is g composite?
True
Suppose -c = 4*c + 305. Let p = 150 + c. Is p composite?
False
Let s(a) = 77*a - 18. Is s(15) prime?
False
Let m(o) = 10*o + 1. Let l(a) = 40*a + 3. Let q(w) = 2*l(w) - 9*m(w). Is q(-4) a prime number?
True
Let h be -3 - 4/(-2) - -7. Let i(o) = o**3 - 5*o**2 + 2*o + 5. Is i(h) prime?
True
Suppose -6*r + 5*r = -2. Is ((-1010)/(-15))/(r/15) composite?
True
Suppose -2*f - 3*f + 265 = 0. Is f a prime number?
True
Let p = -1 + -2. Is (-2488)/(-6) + (-1)/p a prime number?
False
Let f be (-2)/(-5) + (-8)/(-5). Let v = f + 2. Is v - -50 - (-1)/1 a prime number?
False
Suppose -q = -4*q + 15, -q = 3*f - 155. Let k = -27 + f. Is k composite?
False
Let u be (-309)/(-12) + (-2)/(-8). Suppose 20 = 4*j, 3*t - 6 = 5*j + u. Is t composite?
False
Is -1497*1/(-4)*(1 - -3) prime?
False
Let r = 0 + 3. Let b = r + 18. Suppose -2*p + 5*p - b = 0. Is p a prime number?
True
Let p(n) = -n**3 - 7*n**2 - 7*n + 4. Let x be p(-6). Is (-4)/10 - (-714)/x a prime number?
True
Suppose 0 = 3*y - 2*h - 26 + 9, 61 = 4*y + 5*h. Is y prime?
False
Let u = -87 - -388. Let t = u + 56. Suppose -t = 3*o - 6*o. Is o prime?
False
Let a(j) = -33*j**3 - j**2 + 2*j + 3. Let w(c) = c**3 + 3*c**2 + 2*c + 4. Let o be w(-3). Is a(o) prime?
False
Let m(s) = s**3 + 5*s**2 - 8*s - 6. Let d be m(-6). Let b be 58/(-4) + (-3)/d. Let w = 38 + b. Is w prime?
True
Let n be 4/18 - (-1160)/(-36). Let d = 19 - n. Is d composite?
True
Suppose -5*j - q - 2 + 15 = 0, 2*q = 3*j. Suppose 2*g - 162 = -y + 8, 3*y + j*g = 526. Is y a prime number?
False
Let g(z) = 2*z - 5. Let h = -23 + 16. Let f be g(h). Let u = -8 - f. Is u composite?
False
Let c be (-14 - 1)*5/(-15). Let u(g) = -g**3 + 5*g**2 + 4*g - 6. Is u(c) prime?
False
Suppose 5*j - 122 - 173 = 0. Is j prime?
True
Suppose 0 = 4*o - 9*o + 1065. Is o composite?
True
Suppose 5059 - 603 = 8*p. Is p a prime number?
True
Suppose -z + 352 = z. Suppose -3*f - z = -4*k + f, 3*f = -4*k + 197. Is k prime?
True
Suppose -3*g = 2*g - 1005. Let t = -74 + g. Is t a prime number?
True
Suppose 0*l + 3*o = -l + 2404, -l + 3*o + 2434 = 0. Is l prime?
False
Suppose 91 = 3*b - 65. Let o(y) = y**2 + 16*y + 11. Let n be o(-12). Let f = n + b. Is f prime?
False
Let r = 249 - -208. Is r a composite number?
False
Suppose -5*x + 2073 = -2*x. Is x a prime number?
True
Suppose -9 = -g + 2*g. Is g/(-12)*(1 + 91) a composite number?
True
Is 14*(189/6 - 2) prime?
False
Let m(n) = n**3 - 14*n**2 + 11*n - 18. Let v be m(13). Is (3 - v/(-2))/(-1) prime?
True
Suppose -5*t + r = -164 - 284, -5*t + 460 = 5*r. Suppose 4*i - 226 = t. Suppose -8*y = f - 3*y - 79, f - i = -y. Is f prime?
True
Let c(f) = -2*f**2 + 2*f + 5. Let i be c(5). Let h = 67 + i. Suppose h - 134 = -2*p. Is p composite?
True
Let l(z) = 59*z - 29. Is l(20) composite?
False
Let t be 12/(-2)*6/(-9). Suppose 0*u - t = -4*u. Is 4/u + 2 + 0 a prime number?
False
Let v be 0/6 - (-1 - 6). Let g(x) = x**2 - 5*x - 8. Let q be g(v). Suppose 2*n = -m - m + 6, -q = 2*n. Is m a composite number?
True
Suppose 3*m + 0*v - 29 = 5*v, -m = 2*v + 5. Suppose -m*u + u + 2 = 0. Suppose 8 = d + u. Is d composite?
False
Let z be (-3)/4 - 2/8. Let h = 5 - z. Is h prime?
False
Let q = 500 - -1679. Is q prime?
True
Suppose a - 4*a + 2757 = 0. Is a a prime number?
True
Let n(c) = 10*c + 1. Let h = 58 - 41. Let s = h + -6. Is n(s) prime?
False
Let l be (-3 + 1 - -3)*4. Suppose -3*i - 4*g = -13 + 376, -471 = l*i + g. Let c = -8 - i. Is c composite?
False
Suppose 5*b + 56 = 2*l, -2*l + 68 = -0*l + b. Let v = l + -18. Is (-46)/6*v/(-5) a composite number?
False
Let m be (-45)/6 + 1/(-2). Let l be (m/10)/(4/50). Let y(f) = f**2 + 7*f - 9. Is y(l) prime?
False
Let x = 118 + 219. Is x a prime number?
True
Is (-38)/19 + (-1261)/(-1) a prime number?
True
Let u be 12/15*5/2. Suppose -423 = -5*g - 4*x, 7*g - 3*x - 409 = u*g. Is g a composite number?
False
Let y(q) = -2*q - 6. Let t be y(-5). Suppose 0*c + 5*m - 545 = -5*c, -16 = t*m. Is c composite?
False
Suppose 5*o + f - 1784 = 682, 5*f = 5. Is o a prime number?
False
Suppose 6*m - 61 - 449 = 0. Suppose 3*o = o. Suppose o = 2*n - n - m. Is n prime?
False
Let k be -5*5/(75/(-744)). Let g = k + -39. Is g composite?
True
Let m be 4/(-5)*230/4. Let w = m - -101. Is w + ((-4)/(-2))/1 prime?
False
Let r(y) = -42*y - 1. Is r(-7) a prime number?
True
Is -4 - 6091/(-9) - (-2)/9 a composite number?
False
Let s be (-100)/(-6)*6/(-5). Let q = -7 + 40. Let g = s + q. Is g a composite number?
False
Let k(l) = l**2 - 7*l + 6. Let r be k(6). Suppose -2*b + 22 = -r. Is b a composite number?
False
Let b be (-2800)/21 - 1/(-3). Let v = b - -227. Is v a prime number?
False
Let a(b) = 3*b - 11. Suppose -3*y - 9 = -6*y. Suppose 1 - 31 = -y*q. Is a(q) prime?
True
Suppose -5*h - 15237 = -14*h. Is h prime?
True
Suppose -4*c = 4*f - 2820, -f + 209 = 2*c - 500. Is f prime?
True
Suppose -d = -146 - 333. Is d a prime numbe